{"id":5722,"date":"2024-05-15T19:27:45","date_gmt":"2024-05-15T19:27:45","guid":{"rendered":"https:\/\/cajval.cl\/index2.php\/?page_id=5722"},"modified":"2024-05-22T16:26:00","modified_gmt":"2024-05-22T16:26:00","slug":"programa-defensa-juridica-integral-a-personas-mayores","status":"publish","type":"page","link":"https:\/\/cajval.cl\/index2.php\/index.php\/programa-defensa-juridica-integral-a-personas-mayores\/","title":{"rendered":"PROGRAMA DEFENSA JUR\u00cdDICA INTEGRAL A PERSONAS MAYORES"},"content":{"rendered":"<div data-colibri-id=\"5722-c1\" class=\"style-6938 style-local-5722-c1 position-relative\">\n  <!---->\n  <div data-colibri-component=\"section\" data-colibri-id=\"5722-c2\" id=\"features\" class=\"h-section h-section-global-spacing d-flex align-items-lg-center align-items-md-center align-items-center style-6939 style-local-5722-c2 position-relative\">\n    <!---->\n    <!---->\n    <div class=\"h-section-grid-container h-section-boxed-container\">\n      <!---->\n      <div data-colibri-id=\"5722-c3\" class=\"h-row-container gutters-row-lg-2 gutters-row-md-2 gutters-row-0 gutters-row-v-lg-2 gutters-row-v-md-2 gutters-row-v-2 style-6940 style-local-5722-c3 position-relative\">\n        <!---->\n        <div class=\"h-row justify-content-lg-center justify-content-md-center justify-content-center align-items-lg-stretch align-items-md-stretch align-items-stretch gutters-col-lg-2 gutters-col-md-2 gutters-col-0 gutters-col-v-lg-2 gutters-col-v-md-2 gutters-col-v-2\">\n          <!---->\n          <div class=\"h-column h-column-container d-flex h-col-lg-auto h-col-md-auto h-col-auto style-6941-outer style-local-5722-c4-outer\">\n            <div data-colibri-id=\"5722-c4\" class=\"d-flex h-flex-basis h-column__inner h-px-lg-2 h-px-md-2 h-px-2 v-inner-lg-2 v-inner-md-2 v-inner-2 style-6941 style-local-5722-c4 position-relative\">\n              <!---->\n              <!---->\n              <div class=\"w-100 h-y-container h-column__content h-column__v-align flex-basis-auto align-self-lg-start align-self-md-start align-self-start\">\n                <!---->\n                <div data-colibri-id=\"5722-c5\" class=\"h-icon style-6942 style-local-5722-c5 position-relative h-element\">\n                  <!----><span class=\"h-svg-icon h-icon__icon style-6942-icon style-local-5722-c5-icon\"><!--Icon by Font Awesome (https:\/\/fontawesome.com)-->\n    <svg version=\"1.1\" xmlns=\"http:\/\/www.w3.org\/2000\/svg\" xmlns:xlink=\"http:\/\/www.w3.org\/1999\/xlink\" id=\"user-o\" viewBox=\"0 0 1536 1896.0833\">\n      <path d=\"M1201 784q47 14 89.5 38t89 73 79.5 115.5 55 172 22 236.5q0 154-100 263.5T1195 1792H341q-141 0-241-109.5T0 1419q0-131 22-236.5t55-172T156.5 895t89-73 89.5-38q-79-125-79-272 0-104 40.5-198.5T406 150 569.5 40.5 768 0t198.5 40.5T1130 150t109.5 163.5T1280 512q0 147-79 272zM768 128q-159 0-271.5 112.5T384 512t112.5 271.5T768 896t271.5-112.5T1152 512t-112.5-271.5T768 128zm427 1536q88 0 150.5-71.5T1408 1419q0-239-78.5-377T1104 897q-145 127-336 127T432 897q-147 7-225.5 145T128 1419q0 102 62.5 173.5T341 1664h854z\"><\/path>\n    <\/svg><\/span><\/div>\n              <\/div>\n            <\/div>\n          <\/div>\n          <div class=\"h-column h-column-container d-flex h-col-lg h-col-md h-col-auto style-6943-outer style-local-5722-c6-outer\">\n            <div data-colibri-id=\"5722-c6\" class=\"d-flex h-flex-basis h-column__inner h-px-lg-2 h-px-md-2 h-px-2 v-inner-lg-2 v-inner-md-2 v-inner-2 style-6943 style-local-5722-c6 position-relative\">\n              <!---->\n              <!---->\n              <div class=\"w-100 h-y-container h-column__content h-column__v-align flex-basis-100 align-self-lg-start align-self-md-start align-self-start\">\n                <!---->\n                <div data-colibri-id=\"5722-c7\" class=\"h-global-transition-all h-heading style-6944 style-local-5722-c7 position-relative h-element\">\n                  <!---->\n                  <div class=\"h-heading__outer style-6944 style-local-5722-c7\">\n                    <!---->\n                    <!---->\n                    <h3 class=\"\">PROGRAMA DEFENSA JUR\u00cdDICA INTEGRAL A PERSONAS MAYORES (PAM)<\/h3>\n                  <\/div>\n                <\/div>\n                <div data-colibri-id=\"5722-c16\" class=\"h-text h-text-component style-6949 style-local-5722-c16 position-relative h-element\">\n                  <!---->\n                  <!---->\n                  <div class=\"\">\n                    <p>El Programa tiene como objetivo la atenci\u00f3n especializada, preferente y oportuna en el acceso a la justicia a personas mayores, garantizando un buen trato y atenci\u00f3n preferencial, adem\u00e1s de la debida asistencia jur\u00eddica y protecci\u00f3n\n                      judicial efectiva. <\/p>\n                  <\/div>\n                <\/div>\n                <div data-colibri-id=\"5722-c8\" class=\"h-divider style-6945 style-local-5722-c8 position-relative h-element\">\n                  <!----><span class=\"h-divider__line style-6945-line style-local-5722-c8-line style-6945-line style-local-5722-c8-line\"><\/span><\/div>\n                <div data-colibri-id=\"5722-c9\" class=\"h-row-container gutters-row-lg-0 gutters-row-md-0 gutters-row-0 gutters-row-v-lg-0 gutters-row-v-md-0 gutters-row-v-0 style-6946 style-local-5722-c9 position-relative\">\n                  <!---->\n                  <div class=\"h-row justify-content-lg-center justify-content-md-center justify-content-center align-items-lg-stretch align-items-md-stretch align-items-stretch gutters-col-lg-0 gutters-col-md-0 gutters-col-0 gutters-col-v-lg-0 gutters-col-v-md-0 gutters-col-v-0\">\n                    <!---->\n                    <div class=\"h-column h-column-container d-flex h-col-lg-auto h-col-md-auto h-col-auto style-6947-outer style-local-5722-c10-outer\">\n                      <div data-colibri-id=\"5722-c10\" class=\"d-flex h-flex-basis h-column__inner h-px-lg-2 h-px-md-2 h-px-2 v-inner-lg-2 v-inner-md-2 v-inner-2 style-6947 style-local-5722-c10 position-relative\">\n                        <!---->\n                        <!---->\n                        <div class=\"w-100 h-y-container h-column__content h-column__v-align flex-basis-100 align-self-lg-start align-self-md-start align-self-start\">\n                          <!---->\n                          <div data-colibri-id=\"5722-c11\" class=\"h-text h-text-component style-6948 style-local-5722-c11 position-relative h-element\">\n                            <!---->\n                            <!---->\n                            <div class=\"\">\n                              <p><strong>Principios: <\/strong><\/p>\n                              <ul>\n                                <li>Dignidad, independencia, protagonismo y autonom\u00eda.<\/li>\n                                <li>Igualdad y no discriminaci\u00f3n en el trato.<\/li>\n                              <\/ul>\n                              <p>La valorizaci\u00f3n de la persona mayor, su papel en la sociedad y contribuci\u00f3n al desarrollo.<\/p>\n                            <\/div>\n                          <\/div>\n                        <\/div>\n                      <\/div>\n                    <\/div>\n                    <div class=\"h-column h-column-container d-flex h-col-lg-auto h-col-md-auto h-col-auto style-6947-outer style-local-5722-c12-outer\">\n                      <div data-colibri-id=\"5722-c12\" class=\"d-flex h-flex-basis h-column__inner h-px-lg-2 h-px-md-2 h-px-2 v-inner-lg-2 v-inner-md-2 v-inner-2 style-6947 style-local-5722-c12 position-relative\">\n                        <!---->\n                        <!---->\n                        <div class=\"w-100 h-y-container h-column__content h-column__v-align flex-basis-100 align-self-lg-start align-self-md-start align-self-start\">\n                          <!---->\n                          <div data-colibri-id=\"5722-c13\" class=\"h-text h-text-component style-6948 style-local-5722-c13 position-relative h-element\">\n                            <!---->\n                            <!---->\n                            <div class=\"\">\n                              <p><strong style=\"font-weight: 600;\">\u00bf<\/strong><span style=\"font-weight: 600;\">Qu\u00e9 hace el Programa?<\/span><\/p>\n                              <ul>\n                                <li>Ofrecer a las personas mayores servicios de acceso a la justicia adecuados a sus necesidades.<\/li>\n                                <li>Brindar asistencia t\u00e9cnica y\/o capacitar a funcionarios, funcionarias y postulantes de la instituci\u00f3n, propendiendo a una atenci\u00f3n de calidad de manera transversal.<\/li>\n                                <li>Contribuir a la promoci\u00f3n de derechos y prevenci\u00f3n de conflictos de las personas&nbsp;adultas mayores y comunidad en general, poniendo en conocimiento de \u00e9stos los derechos que les amparan.<\/li>\n                              <\/ul>\n                            <\/div>\n                          <\/div>\n                        <\/div>\n                      <\/div>\n                    <\/div>\n                    <div class=\"h-column h-column-container d-flex h-col-lg-auto h-col-md-auto h-col-auto style-6947-outer style-local-5722-c14-outer\">\n                      <div data-colibri-id=\"5722-c14\" class=\"d-flex h-flex-basis h-column__inner h-px-lg-2 h-px-md-2 h-px-2 v-inner-lg-2 v-inner-md-2 v-inner-2 style-6947 style-local-5722-c14 position-relative\">\n                        <!---->\n                        <!---->\n                        <div class=\"w-100 h-y-container h-column__content h-column__v-align flex-basis-100 align-self-lg-start align-self-md-start align-self-start\">\n                          <!---->\n                          <div data-colibri-id=\"5722-c15\" class=\"h-text h-text-component style-6948 style-local-5722-c15 position-relative h-element\">\n                            <!---->\n                            <!---->\n                            <div class=\"\">\n                              <p>\u00b7<strong>\u00bfA qui\u00e9nes atienden?<\/strong><\/p>\n                              <p>Todos aquellos casos en que exista una vulneraci\u00f3n grave de los derechos de la persona mayor, ya sea por situaciones de maltrato y\/o discriminaci\u00f3n; tales como violencia f\u00edsica, violencia psicol\u00f3gica, violencia patrimonial\n                                o econ\u00f3mica, negligencia, abandono, abuso sexual, maltrato estructural o social.<\/p>\n                              <p><strong>\u00bfQui\u00e9nes conforman el equipo? <\/strong><\/p>\n                              <p>Est\u00e1 conformado por una dupla profesional formada por abogada y asistente social.<\/p>\n                              <p><strong>\u00bfCu\u00e1l es la cobertura?<\/strong><\/p>\n                              <p>Se aplican criterios de vulnerabilidad y cobertura territorial por regi\u00f3n.<\/p>\n                            <\/div>\n                          <\/div>\n                        <\/div>\n                      <\/div>\n                    <\/div>\n                  <\/div>\n                <\/div>\n              <\/div>\n            <\/div>\n          <\/div>\n        <\/div>\n      <\/div>\n    <\/div>\n  <\/div>\n<\/div>","protected":false},"excerpt":{"rendered":"<p>PROGRAMA DEFENSA JUR\u00cdDICA INTEGRAL A PERSONAS MAYORES (PAM) El Programa tiene como objetivo la atenci\u00f3n especializada, preferente y oportuna en el acceso a la justicia a personas mayores, garantizando un buen trato y atenci\u00f3n preferencial, adem\u00e1s de la debida asistencia jur\u00eddica y protecci\u00f3n judicial efectiva. Principios: Dignidad, independencia, protagonismo y autonom\u00eda. Igualdad y no discriminaci\u00f3n [&hellip;]<\/p>\n","protected":false},"author":3,"featured_media":0,"parent":0,"menu_order":0,"comment_status":"closed","ping_status":"closed","template":"page-templates\/full-width-page.php","meta":{"footnotes":""},"class_list":["post-5722","page","type-page","status-publish","hentry"],"yoast_head":"<!-- This site is optimized with the Yoast SEO plugin v27.6 - https:\/\/yoast.com\/product\/yoast-seo-wordpress\/ -->\n<title>PROGRAMA DEFENSA JUR\u00cdDICA INTEGRAL A PERSONAS MAYORES - CAJVAL<\/title>\n<meta name=\"robots\" content=\"index, follow, max-snippet:-1, max-image-preview:large, max-video-preview:-1\" \/>\n<link rel=\"canonical\" href=\"https:\/\/cajval.cl\/index2.php\/index.php\/programa-defensa-juridica-integral-a-personas-mayores\/\" \/>\n<meta property=\"og:locale\" content=\"es_ES\" \/>\n<meta property=\"og:type\" content=\"article\" \/>\n<meta property=\"og:title\" content=\"PROGRAMA DEFENSA JUR\u00cdDICA INTEGRAL A PERSONAS MAYORES - CAJVAL\" \/>\n<meta property=\"og:description\" content=\"PROGRAMA DEFENSA JUR\u00cdDICA INTEGRAL A PERSONAS MAYORES (PAM) El Programa tiene como objetivo la atenci\u00f3n especializada, preferente y oportuna en el acceso a la justicia a personas mayores, garantizando un buen trato y atenci\u00f3n preferencial, adem\u00e1s de la debida asistencia jur\u00eddica y protecci\u00f3n judicial efectiva. Principios: Dignidad, independencia, protagonismo y autonom\u00eda. Igualdad y no discriminaci\u00f3n [&hellip;]\" \/>\n<meta property=\"og:url\" content=\"https:\/\/cajval.cl\/index2.php\/index.php\/programa-defensa-juridica-integral-a-personas-mayores\/\" \/>\n<meta property=\"og:site_name\" content=\"CAJVAL\" \/>\n<meta property=\"article:modified_time\" content=\"2024-05-22T16:26:00+00:00\" \/>\n<meta name=\"twitter:card\" content=\"summary_large_image\" \/>\n<script type=\"application\/ld+json\" class=\"yoast-schema-graph\">{\"@context\":\"https:\\\/\\\/schema.org\",\"@graph\":[{\"@type\":\"WebPage\",\"@id\":\"https:\\\/\\\/cajval.cl\\\/index2.php\\\/index.php\\\/programa-defensa-juridica-integral-a-personas-mayores\\\/\",\"url\":\"https:\\\/\\\/cajval.cl\\\/index2.php\\\/index.php\\\/programa-defensa-juridica-integral-a-personas-mayores\\\/\",\"name\":\"PROGRAMA DEFENSA JUR\u00cdDICA INTEGRAL A PERSONAS MAYORES - CAJVAL\",\"isPartOf\":{\"@id\":\"https:\\\/\\\/cajval.cl\\\/index2.php\\\/#website\"},\"datePublished\":\"2024-05-15T19:27:45+00:00\",\"dateModified\":\"2024-05-22T16:26:00+00:00\",\"breadcrumb\":{\"@id\":\"https:\\\/\\\/cajval.cl\\\/index2.php\\\/index.php\\\/programa-defensa-juridica-integral-a-personas-mayores\\\/#breadcrumb\"},\"inLanguage\":\"es\",\"potentialAction\":[{\"@type\":\"ReadAction\",\"target\":[\"https:\\\/\\\/cajval.cl\\\/index2.php\\\/index.php\\\/programa-defensa-juridica-integral-a-personas-mayores\\\/\"]}]},{\"@type\":\"BreadcrumbList\",\"@id\":\"https:\\\/\\\/cajval.cl\\\/index2.php\\\/index.php\\\/programa-defensa-juridica-integral-a-personas-mayores\\\/#breadcrumb\",\"itemListElement\":[{\"@type\":\"ListItem\",\"position\":1,\"name\":\"Portada\",\"item\":\"https:\\\/\\\/cajval.cl\\\/index2.php\\\/\"},{\"@type\":\"ListItem\",\"position\":2,\"name\":\"PROGRAMA DEFENSA JUR\u00cdDICA INTEGRAL A PERSONAS MAYORES\"}]},{\"@type\":\"WebSite\",\"@id\":\"https:\\\/\\\/cajval.cl\\\/index2.php\\\/#website\",\"url\":\"https:\\\/\\\/cajval.cl\\\/index2.php\\\/\",\"name\":\"CAJVAL\",\"description\":\"CAJVAL\",\"publisher\":{\"@id\":\"https:\\\/\\\/cajval.cl\\\/index2.php\\\/#organization\"},\"potentialAction\":[{\"@type\":\"SearchAction\",\"target\":{\"@type\":\"EntryPoint\",\"urlTemplate\":\"https:\\\/\\\/cajval.cl\\\/index2.php\\\/?s={search_term_string}\"},\"query-input\":{\"@type\":\"PropertyValueSpecification\",\"valueRequired\":true,\"valueName\":\"search_term_string\"}}],\"inLanguage\":\"es\"},{\"@type\":\"Organization\",\"@id\":\"https:\\\/\\\/cajval.cl\\\/index2.php\\\/#organization\",\"name\":\"CAJVAL\",\"url\":\"https:\\\/\\\/cajval.cl\\\/index2.php\\\/\",\"logo\":{\"@type\":\"ImageObject\",\"inLanguage\":\"es\",\"@id\":\"https:\\\/\\\/cajval.cl\\\/index2.php\\\/#\\\/schema\\\/logo\\\/image\\\/\",\"url\":\"https:\\\/\\\/cajval.cl\\\/wp-content\\\/uploads\\\/2024\\\/04\\\/LOGO3REGIONES.png\",\"contentUrl\":\"https:\\\/\\\/cajval.cl\\\/wp-content\\\/uploads\\\/2024\\\/04\\\/LOGO3REGIONES.png\",\"width\":625,\"height\":567,\"caption\":\"CAJVAL\"},\"image\":{\"@id\":\"https:\\\/\\\/cajval.cl\\\/index2.php\\\/#\\\/schema\\\/logo\\\/image\\\/\"}}]}<\/script>\n<!-- \/ Yoast SEO plugin. -->","yoast_head_json":{"title":"PROGRAMA DEFENSA JUR\u00cdDICA INTEGRAL A PERSONAS MAYORES - CAJVAL","robots":{"index":"index","follow":"follow","max-snippet":"max-snippet:-1","max-image-preview":"max-image-preview:large","max-video-preview":"max-video-preview:-1"},"canonical":"https:\/\/cajval.cl\/index2.php\/index.php\/programa-defensa-juridica-integral-a-personas-mayores\/","og_locale":"es_ES","og_type":"article","og_title":"PROGRAMA DEFENSA JUR\u00cdDICA INTEGRAL A PERSONAS MAYORES - CAJVAL","og_description":"PROGRAMA DEFENSA JUR\u00cdDICA INTEGRAL A PERSONAS MAYORES (PAM) El Programa tiene como objetivo la atenci\u00f3n especializada, preferente y oportuna en el acceso a la justicia a personas mayores, garantizando un buen trato y atenci\u00f3n preferencial, adem\u00e1s de la debida asistencia jur\u00eddica y protecci\u00f3n judicial efectiva. Principios: Dignidad, independencia, protagonismo y autonom\u00eda. Igualdad y no discriminaci\u00f3n [&hellip;]","og_url":"https:\/\/cajval.cl\/index2.php\/index.php\/programa-defensa-juridica-integral-a-personas-mayores\/","og_site_name":"CAJVAL","article_modified_time":"2024-05-22T16:26:00+00:00","twitter_card":"summary_large_image","schema":{"@context":"https:\/\/schema.org","@graph":[{"@type":"WebPage","@id":"https:\/\/cajval.cl\/index2.php\/index.php\/programa-defensa-juridica-integral-a-personas-mayores\/","url":"https:\/\/cajval.cl\/index2.php\/index.php\/programa-defensa-juridica-integral-a-personas-mayores\/","name":"PROGRAMA DEFENSA JUR\u00cdDICA INTEGRAL A PERSONAS MAYORES - CAJVAL","isPartOf":{"@id":"https:\/\/cajval.cl\/index2.php\/#website"},"datePublished":"2024-05-15T19:27:45+00:00","dateModified":"2024-05-22T16:26:00+00:00","breadcrumb":{"@id":"https:\/\/cajval.cl\/index2.php\/index.php\/programa-defensa-juridica-integral-a-personas-mayores\/#breadcrumb"},"inLanguage":"es","potentialAction":[{"@type":"ReadAction","target":["https:\/\/cajval.cl\/index2.php\/index.php\/programa-defensa-juridica-integral-a-personas-mayores\/"]}]},{"@type":"BreadcrumbList","@id":"https:\/\/cajval.cl\/index2.php\/index.php\/programa-defensa-juridica-integral-a-personas-mayores\/#breadcrumb","itemListElement":[{"@type":"ListItem","position":1,"name":"Portada","item":"https:\/\/cajval.cl\/index2.php\/"},{"@type":"ListItem","position":2,"name":"PROGRAMA DEFENSA JUR\u00cdDICA INTEGRAL A PERSONAS MAYORES"}]},{"@type":"WebSite","@id":"https:\/\/cajval.cl\/index2.php\/#website","url":"https:\/\/cajval.cl\/index2.php\/","name":"CAJVAL","description":"CAJVAL","publisher":{"@id":"https:\/\/cajval.cl\/index2.php\/#organization"},"potentialAction":[{"@type":"SearchAction","target":{"@type":"EntryPoint","urlTemplate":"https:\/\/cajval.cl\/index2.php\/?s={search_term_string}"},"query-input":{"@type":"PropertyValueSpecification","valueRequired":true,"valueName":"search_term_string"}}],"inLanguage":"es"},{"@type":"Organization","@id":"https:\/\/cajval.cl\/index2.php\/#organization","name":"CAJVAL","url":"https:\/\/cajval.cl\/index2.php\/","logo":{"@type":"ImageObject","inLanguage":"es","@id":"https:\/\/cajval.cl\/index2.php\/#\/schema\/logo\/image\/","url":"https:\/\/cajval.cl\/wp-content\/uploads\/2024\/04\/LOGO3REGIONES.png","contentUrl":"https:\/\/cajval.cl\/wp-content\/uploads\/2024\/04\/LOGO3REGIONES.png","width":625,"height":567,"caption":"CAJVAL"},"image":{"@id":"https:\/\/cajval.cl\/index2.php\/#\/schema\/logo\/image\/"}}]}},"_links":{"self":[{"href":"https:\/\/cajval.cl\/index2.php\/index.php\/wp-json\/wp\/v2\/pages\/5722","targetHints":{"allow":["GET"]}}],"collection":[{"href":"https:\/\/cajval.cl\/index2.php\/index.php\/wp-json\/wp\/v2\/pages"}],"about":[{"href":"https:\/\/cajval.cl\/index2.php\/index.php\/wp-json\/wp\/v2\/types\/page"}],"author":[{"embeddable":true,"href":"https:\/\/cajval.cl\/index2.php\/index.php\/wp-json\/wp\/v2\/users\/3"}],"replies":[{"embeddable":true,"href":"https:\/\/cajval.cl\/index2.php\/index.php\/wp-json\/wp\/v2\/comments?post=5722"}],"version-history":[{"count":4,"href":"https:\/\/cajval.cl\/index2.php\/index.php\/wp-json\/wp\/v2\/pages\/5722\/revisions"}],"predecessor-version":[{"id":6735,"href":"https:\/\/cajval.cl\/index2.php\/index.php\/wp-json\/wp\/v2\/pages\/5722\/revisions\/6735"}],"wp:attachment":[{"href":"https:\/\/cajval.cl\/index2.php\/index.php\/wp-json\/wp\/v2\/media?parent=5722"}],"curies":[{"name":"wp","href":"https:\/\/api.w.org\/{rel}","templated":true}]}}